{"id":9259,"date":"2022-01-19T06:54:45","date_gmt":"2022-01-19T04:54:45","guid":{"rendered":"https:\/\/probm2.cti.ugal.ro\/site\/?page_id=9259"},"modified":"2022-02-01T21:06:31","modified_gmt":"2022-02-01T19:06:31","slug":"financial-calculator","status":"publish","type":"page","link":"https:\/\/probm2.cti.ugal.ro\/site\/ro\/financial-calculator\/","title":{"rendered":"Calculator financiar"},"content":{"rendered":"<p>[et_pb_section fb_built=&#8221;1&#8243; _builder_version=&#8221;4.9.2&#8243; _module_preset=&#8221;default&#8221; background_color=&#8221;#fce8d4&#8243; background_color_gradient_direction=&#8221;138deg&#8221; background_image=&#8221;https:\/\/probm2.cti.ugal.ro\/site\/wp-content\/uploads\/2021\/06\/calculator.jpg&#8221; width=&#8221;100%&#8221; min_height=&#8221;24em&#8221; custom_padding=&#8221;||0px|||&#8221; animation_style=&#8221;fade&#8221; animation_duration=&#8221;750ms&#8221; global_colors_info=&#8221;{}&#8221;][et_pb_row column_structure=&#8221;2_3,1_3&#8243; _builder_version=&#8221;4.9.2&#8243; _module_preset=&#8221;default&#8221; custom_padding=&#8221;2em||1em||false|false&#8221; global_colors_info=&#8221;{}&#8221;][et_pb_column type=&#8221;2_3&#8243; _builder_version=&#8221;4.9.2&#8243; _module_preset=&#8221;default&#8221; global_colors_info=&#8221;{}&#8221;][et_pb_text _builder_version=&#8221;4.9.2&#8243; _module_preset=&#8221;default&#8221; text_font=&#8221;Montserrat||||||||&#8221; text_text_color=&#8221;#e8e8e8&#8243; text_font_size=&#8221;2.2em&#8221; text_line_height=&#8221;1.6em&#8221; header_font=&#8221;Montserrat||||||||&#8221; background_color=&#8221;RGBA(0,0,0,0)&#8221; use_background_color_gradient=&#8221;on&#8221; background_color_gradient_start=&#8221;rgba(0,0,0,0.58)&#8221; background_color_gradient_end=&#8221;rgba(0,0,0,0.64)&#8221; text_orientation=&#8221;center&#8221; custom_margin=&#8221;||||false|false&#8221; custom_padding=&#8221;1em|1em|1em|1em|true|true&#8221; animation_style=&#8221;zoom&#8221; animation_duration=&#8221;600ms&#8221; animation_intensity_zoom=&#8221;72%&#8221; border_radii=&#8221;on|15px|15px|15px|15px&#8221; global_colors_info=&#8221;{}&#8221;]<\/p>\n<p><strong>CALCULATOR FINANCIAR<\/strong><\/p>\n<p>[\/et_pb_text][\/et_pb_column][et_pb_column type=&#8221;1_3&#8243; _builder_version=&#8221;4.9.2&#8243; _module_preset=&#8221;default&#8221; global_colors_info=&#8221;{}&#8221;][\/et_pb_column][\/et_pb_row][et_pb_row column_structure=&#8221;1_4,1_4,1_4,1_4&#8243; _builder_version=&#8221;4.9.2&#8243; _module_preset=&#8221;default&#8221; animation_style=&#8221;zoom&#8221; animation_duration=&#8221;500ms&#8221; animation_delay=&#8221;1300ms&#8221; locked=&#8221;off&#8221; global_colors_info=&#8221;{}&#8221;][et_pb_column type=&#8221;1_4&#8243; _builder_version=&#8221;4.9.2&#8243; _module_preset=&#8221;default&#8221; global_colors_info=&#8221;{}&#8221;][\/et_pb_column][et_pb_column type=&#8221;1_4&#8243; _builder_version=&#8221;4.9.2&#8243; _module_preset=&#8221;default&#8221; global_colors_info=&#8221;{}&#8221;][\/et_pb_column][et_pb_column type=&#8221;1_4&#8243; _builder_version=&#8221;4.9.2&#8243; _module_preset=&#8221;default&#8221; global_colors_info=&#8221;{}&#8221;][\/et_pb_column][et_pb_column type=&#8221;1_4&#8243; _builder_version=&#8221;4.9.2&#8243; _module_preset=&#8221;default&#8221; global_colors_info=&#8221;{}&#8221;][et_pb_button button_url=&#8221;#link1&#8243; button_text=&#8221;Instruc\u021biuni&#8221; button_alignment=&#8221;center&#8221; admin_label=&#8221;Button&#8221; _builder_version=&#8221;4.9.2&#8243; _module_preset=&#8221;default&#8221; global_colors_info=&#8221;{}&#8221;][\/et_pb_button][\/et_pb_column][\/et_pb_row][\/et_pb_section][et_pb_section fb_built=&#8221;1&#8243; _builder_version=&#8221;4.9.2&#8243; _module_preset=&#8221;default&#8221; background_color=&#8221;RGBA(0,0,0,0)&#8221; use_background_color_gradient=&#8221;on&#8221; background_color_gradient_start=&#8221;rgba(0,0,0,0)&#8221; background_color_gradient_end=&#8221;rgba(0,0,0,0)&#8221; background_color_gradient_direction=&#8221;115deg&#8221; custom_padding=&#8221;0px||0px||true|false&#8221; global_colors_info=&#8221;{}&#8221;][et_pb_row _builder_version=&#8221;4.9.2&#8243; _module_preset=&#8221;default&#8221; custom_padding=&#8221;18px||9px||false|false&#8221; global_colors_info=&#8221;{}&#8221;][et_pb_column type=&#8221;4_4&#8243; _builder_version=&#8221;4.9.2&#8243; _module_preset=&#8221;default&#8221; global_colors_info=&#8221;{}&#8221;][et_pb_text _builder_version=&#8221;4.9.2&#8243; _module_preset=&#8221;default&#8221; text_font=&#8221;Montserrat|600|||||||&#8221; text_line_height=&#8221;1em&#8221; custom_margin=&#8221;0px||0px||false|false&#8221; custom_padding=&#8221;34px||0px||false|false&#8221; animation_style=&#8221;slide&#8221; animation_direction=&#8221;bottom&#8221; animation_duration=&#8221;700ms&#8221; animation_delay=&#8221;1000ms&#8221; global_colors_info=&#8221;{}&#8221;]<\/p>\n<h2>Calculator financiar<\/h2>\n<p>&nbsp;<\/p>\n<p>[\/et_pb_text][\/et_pb_column][\/et_pb_row][\/et_pb_section][et_pb_section fb_built=&#8221;1&#8243; fullwidth=&#8221;on&#8221; _builder_version=&#8221;4.9.2&#8243; _module_preset=&#8221;default&#8221; background_color=&#8221;RGBA(0,0,0,0)&#8221; custom_margin=&#8221;||0px||false|false&#8221; animation_style=&#8221;zoom&#8221; animation_direction=&#8221;bottom&#8221; animation_duration=&#8221;500ms&#8221; animation_delay=&#8221;400ms&#8221; global_colors_info=&#8221;{}&#8221;][et_pb_fullwidth_code admin_label=&#8221;Fullwidth Code&#8221; module_class=&#8221;bmc-table&#8221; _builder_version=&#8221;4.9.2&#8243; _module_preset=&#8221;default&#8221; custom_margin=&#8221;||0em||false|false&#8221; custom_padding=&#8221;0px|4px|0px|4px|true|true&#8221; global_colors_info=&#8221;{}&#8221;]<\/p>\n<div id=\"fincalc\" class=\"fincalc\"><!-- [et_pb_line_break_holder] -->  <!-- [et_pb_line_break_holder] --><\/div>\n<p><!-- [et_pb_line_break_holder] --><a id=\"link1\"><\/a><!-- [et_pb_line_break_holder] --><script><!-- [et_pb_line_break_holder] -->function loadjscssfile(filename, filetype){<!-- [et_pb_line_break_holder] -->    if (filetype==\"js\"){ <!-- [et_pb_line_break_holder] -->        var fileref=document.createElement('script')<!-- [et_pb_line_break_holder] -->        fileref.setAttribute(\"type\",\"text\/javascript\")<!-- [et_pb_line_break_holder] -->        fileref.setAttribute(\"src\", filename)<!-- [et_pb_line_break_holder] -->    }<!-- [et_pb_line_break_holder] -->    else if (filetype==\"css\"){ <!-- [et_pb_line_break_holder] -->        var fileref=document.createElement(\"link\")<!-- [et_pb_line_break_holder] -->        fileref.setAttribute(\"rel\", \"stylesheet\")<!-- [et_pb_line_break_holder] -->        fileref.setAttribute(\"type\", \"text\/css\")<!-- [et_pb_line_break_holder] -->        fileref.setAttribute(\"href\", filename)<!-- [et_pb_line_break_holder] -->    }<!-- [et_pb_line_break_holder] -->    if (typeof fileref!=\"undefined\")<!-- [et_pb_line_break_holder] -->        document.getElementsByTagName(\"head\")[0].appendChild(fileref);<!-- [et_pb_line_break_holder] -->}<!-- [et_pb_line_break_holder] -->  jQuery(document).ready(function($) {    <!-- [et_pb_line_break_holder] -->    $.ajax({<!-- [et_pb_line_break_holder] -->        method: \"POST\",<!-- [et_pb_line_break_holder] -->        url: \"\/fincalc\/fincalc_ro.php\",<!-- [et_pb_line_break_holder] -->        data: { idItem : 1},<!-- [et_pb_line_break_holder] -->        success: function(data) {            <!-- [et_pb_line_break_holder] -->            var arr = $.parseJSON(data);<!-- [et_pb_line_break_holder] -->          \t$(\"#fincalc\").html(arr['html']);          \t<!-- [et_pb_line_break_holder] -->          \tloadjscssfile(\"\/fincalc\/libs\/select2\/js\/select2.full.min.js\",\"js\");<!-- [et_pb_line_break_holder] -->          \tloadjscssfile(\"\/fincalc\/libs\/select2\/maximize-select2-height.min.js\",\"js\");<!-- [et_pb_line_break_holder] -->          \tloadjscssfile(\"\/fincalc\/libs\/currency.js\",\"js\");<!-- [et_pb_line_break_holder] -->          \tloadjscssfile(\"\/fincalc\/libs\/tipped\/js\/tipped.min.js\",\"js\");<!-- [et_pb_line_break_holder] -->          \tloadjscssfile(\"\/fincalc\/libs\/select2\/css\/select2.min.css\",\"css\");<!-- [et_pb_line_break_holder] -->          \tloadjscssfile(\"\/fincalc\/fonts\/awesome\/css\/all.css\",\"css\");<!-- [et_pb_line_break_holder] -->          \tloadjscssfile(\"\/fincalc\/fonts\/sourcesanspro\/sourcesanspro.css\",\"css\");<!-- [et_pb_line_break_holder] -->          \tloadjscssfile(\"\/fincalc\/libs\/tipped\/css\/tipped.css\",\"css\");<!-- [et_pb_line_break_holder] -->          \tloadjscssfile(\"\/fincalc\/fincalc.css\",\"css\");<!-- [et_pb_line_break_holder] -->          \tloadjscssfile(\"\/fincalc\/fincalc_strings_ro.js\",\"js\");<!-- [et_pb_line_break_holder] -->          \tloadjscssfile(\"\/fincalc\/fincalc.js\",\"js\");<!-- [et_pb_line_break_holder] -->        }<!-- [et_pb_line_break_holder] -->    });<!-- [et_pb_line_break_holder] --><!-- [et_pb_line_break_holder] -->})<\/script>[\/et_pb_fullwidth_code][\/et_pb_section][et_pb_section fb_built=&#8221;1&#8243; _builder_version=&#8221;4.9.2&#8243; _module_preset=&#8221;default&#8221; background_color=&#8221;RGBA(0,0,0,0)&#8221; custom_margin=&#8221;-1px|||||&#8221; custom_padding=&#8221;6px|||||&#8221; animation_style=&#8221;zoom&#8221; animation_duration=&#8221;500ms&#8221; global_colors_info=&#8221;{}&#8221;][et_pb_row _builder_version=&#8221;4.9.2&#8243; _module_preset=&#8221;default&#8221; custom_padding=&#8221;0px||||false|false&#8221; global_colors_info=&#8221;{}&#8221;][et_pb_column type=&#8221;4_4&#8243; _builder_version=&#8221;4.9.2&#8243; _module_preset=&#8221;default&#8221; global_colors_info=&#8221;{}&#8221;][et_pb_text _builder_version=&#8221;4.9.2&#8243; _module_preset=&#8221;default&#8221; global_colors_info=&#8221;{}&#8221;]<\/p>\n<h2 style=\"text-align: justify;\">Instruc\u021biuni pentru utilizarea calculatorului financiar<\/h2>\n<p style=\"text-align: justify;\">Calculatorul financiar ofer\u0103 o modalitate rapid\u0103 de calculare a valorii actuale nete (englez\u0103, NPV &#8211; Net Present Value), a ratei interne de rentabilitate (IRR) \u0219i a perioadei de rambursare pentru o afacere.<\/p>\n<p style=\"text-align: justify;\">Valorile sunt calculate automat odat\u0103 ce c\u00e2mpurile obligatorii sunt completate.<\/p>\n<p style=\"text-align: justify;\">La introducerea datelor \u00eentr-un c\u00e2mp, valorile sunt validate prin ap\u0103sarea tastei Enter sau prin focalizarea departe de acel c\u00e2mp (de exemplu, f\u0103c\u00e2nd clic pe alt c\u00e2mp sau \u00een alt\u0103 parte \u00een fereastr\u0103). Formatarea valorilor afi\u0219ate are loc atunci c\u00e2nd un c\u00e2mp \u00ee\u0219i pierde focalizarea. Toate valorile care sunt calculate automat nu pot fi modificate deoarece c\u00e2mpurile sunt doar pentru citire.<\/p>\n<h3 style=\"text-align: justify;\">Introducerea datelor<\/h3>\n<p style=\"text-align: justify;\">Calculatorul financiar produce rezultate atunci c\u00e2nd datele sunt introduse \u00een urm\u0103toarele c\u00e2mpuri:<\/p>\n<h4 style=\"text-align: justify;\">1. Investi\u021bie<\/h4>\n<p style=\"text-align: justify;\">Valoarea investi\u021biei ini\u021biale poate fi introdus\u0103 \u00een dou\u0103 moduri:<\/p>\n<ol style=\"text-align: justify;\">\n<li>Prin introducerea direct\u0103 a valorii \u00een c\u00e2mpul corespunz\u0103tor. Valorile introduse \u00een celelalte c\u00e2mpuri pentru aceast\u0103 categorie vor fi ignorate.<\/li>\n<li>F\u0103c\u00e2nd clic pe semnul \u201e+\u201d din col\u021bul din dreapta sus, va fi afi\u0219at un tabel cu mai multe casete de text. Fiecare valoare poate fi introdus\u0103 separat, iar totalul (investi\u021bia) va fi calculat automat.<\/li>\n<\/ol>\n<h4 style=\"text-align: justify;\">2. Costuri variabile pe serviciu<\/h4>\n<p style=\"text-align: justify;\">Valoarea costurilor variabile pe serviciu poate fi introdus\u0103 \u00een dou\u0103 moduri:<\/p>\n<ol style=\"text-align: justify;\">\n<li>Prin introducerea direct\u0103 a valorii \u00een c\u00e2mpul corespunz\u0103tor. Valorile introduse \u00een celelalte c\u00e2mpuri pentru aceast\u0103 categorie vor fi ignorate.<\/li>\n<li>F\u0103c\u00e2nd clic pe semnul \u201e+\u201d din col\u021bul din dreapta sus, va fi afi\u0219at un tabel cu mai multe casete de text. Fiecare valoare poate fi introdus\u0103 separat, iar costurile variabile totale pe serviciu vor fi calculate automat.<\/li>\n<\/ol>\n<h4 style=\"text-align: justify;\">3. Costuri fixe (pe an\/anual)<\/h4>\n<p style=\"text-align: justify;\">Costurile fixe anuale pot fi introduse \u00een trei moduri:<\/p>\n<ol style=\"text-align: justify;\">\n<li>Prin introducerea direct\u0103 a valorii \u00een c\u00e2mpul corespunz\u0103tor. Celelalte valori introduse \u00een celelalte c\u00e2mpuri pentru aceast\u0103 categorie vor fi ignorate.<\/li>\n<li>Prin introducerea direct\u0103 a valorii costurilor fixe pe lun\u0103 \u00een c\u00e2mpul corespunz\u0103tor. Costurile fixe anuale vor fi calculate automat. Valorile introduse \u00een celelalte c\u00e2mpuri pentru aceast\u0103 categorie vor fi ignorate.<\/li>\n<li>F\u0103c\u00e2nd clic pe semnul \u201e+\u201d din col\u021bul din dreapta sus, va fi afi\u0219at un tabel cu mai multe casete de text. Fiecare valoare (pe lun\u0103) poate fi introdus\u0103 separat, iar costurile variabile totale pe serviciu, pe lun\u0103 \u0219i pe an vor fi calculate automat.<\/li>\n<\/ol>\n<p style=\"text-align: justify;\">Aten\u021bie: numai ultima modificare este luat\u0103 \u00een considerare de calcule. De exemplu, dac\u0103 se modific\u0103 o valoare global\u0103 (suma valorilor din tabelul de mai jos), valorile detaliate vor fi \u0219terse pentru a men\u021bine consisten\u021ba datelor afi\u0219ate.<\/p>\n<h4 style=\"text-align: justify;\">4. Num\u0103r mediu de clien\u021bi pe an<\/h4>\n<p style=\"text-align: justify;\">Num\u0103rul mediu de clien\u021bi pe an poate fi introdus separat, pentru fiecare an, \u00een casetele de text corespunz\u0103toare. Exist\u0103, totu\u0219i, o alt\u0103 op\u021biune, care este s\u0103 introduce\u021bi aceea\u0219i valoare pentru to\u021bi anii.<br \/>F\u0103c\u00e2nd clic pe pictograma de l\u00e2ng\u0103 eticheta textului, va ap\u0103rea o fereastr\u0103 mic\u0103. Introduce\u021bi num\u0103rul corespunz\u0103tor \u00een caseta de text din interiorul ferestrei \u0219i valoarea va fi plasat\u0103 \u00een c\u00e2mpurile corespunz\u0103toare.<\/p>\n<h4 style=\"text-align: justify;\">5. Pre\u021b<\/h4>\n<p style=\"text-align: justify;\">Pre\u021bul (unui serviciu) poate fi introdus separat pentru fiecare an. O alt\u0103 op\u021biune ar fi s\u0103 introduce\u021bi aceea\u0219i valoare pentru to\u021bi anii, \u00eentr-un mod similar cu cel descris mai sus pentru num\u0103rul mediu de clien\u021bi pe an.<\/p>\n<h4 style=\"text-align: justify;\">6. Rata de reducere<\/h4>\n<p style=\"text-align: justify;\">Rata de reducere poate fi introdus\u0103 \u00een c\u00e2mpul corespunz\u0103tor. Valoarea este necesar\u0103 pentru calculul automat.<\/p>\n<h3 style=\"text-align: justify;\">Set\u0103ri<\/h3>\n<p style=\"text-align: justify;\">Butonul \u201eSet\u0103ri\u201d va afi\u0219a o fereastr\u0103 mic\u0103 care ofer\u0103 posibilitatea de a modifica dinamic num\u0103rul de ani care sunt afi\u0219a\u021bi \u0219i utiliza\u021bi pentru calcule. Calculatorul financiar se va actualiza singur atunci c\u00e2nd valorile din interiorul ferestrei Set\u0103ri sunt modificate.<\/p>\n<h3 style=\"text-align: justify;\">Imprimare<\/h3>\n<p style=\"text-align: justify;\">Butonul \u201eImprimare\u201d ofer\u0103 posibilitatea de a genera un fi\u0219ier PDF care poate fi tip\u0103rit. Se vor folosi valorile afi\u0219ate. Re\u021bine\u021bi c\u0103 fi\u0219ierul va fi generat numai dac\u0103 toate c\u00e2mpurile obligatorii sunt completate \u0219i dac\u0103 a avut loc calculul financiar.<\/p>\n<h3 style=\"text-align: justify;\">Excel<\/h3>\n<p style=\"text-align: justify;\">Butonul \u201eExcel\u201d ofer\u0103 posibilitatea gener\u0103rii unui fi\u0219ier MS Excel care va con\u021bine datele afi\u0219ate. Calculele din fi\u0219ierul generat se vor face folosind func\u021biile MS Excel pentru valorile NPV \u0219i IRR. Fi\u0219ierul va fi generat numai dac\u0103 toate c\u00e2mpurile obligatorii sunt completate \u0219i calculul a avut loc.<\/p>\n<h3 style=\"text-align: justify;\">Resetare<\/h3>\n<p style=\"text-align: justify;\">Butonul \u201eResetare\u201d \u0219terge toate datele din formular \u0219i aduce Calculatorul financiar la starea ini\u021bial\u0103.<\/p>\n<h3 style=\"text-align: justify;\">Exemple<\/h3>\n<p style=\"text-align: justify;\">Calculatorul Financiar ofer\u0103 posibilitatea de a completa formularul cu date pentru dou\u0103 modele. F\u0103c\u00e2nd clic pe \u201eExemplu 1\u201d sau \u201eExemplu 2\u201d, valoarea c\u00e2mpurilor va fi estimat\u0103 cu valori predefinite.<\/p>\n<h3 style=\"text-align: justify;\">Not\u0103:<\/h3>\n<p style=\"text-align: justify;\">&#8211; Calculul pentru \u201ePerioada de rambursare\u201d presupune c\u0103 fiecare an este compus din 365 de zile.<br \/>&#8211; Desc\u0103rcarea fi\u0219ierelor de pe site (PDF \u0219i Excel) v\u0103 poate cere s\u0103 permite\u021bi ferestre pop-up \u00een browserul pe care \u00eel utiliza\u021bi.<\/p>\n<p>[\/et_pb_text][\/et_pb_column][\/et_pb_row][\/et_pb_section][et_pb_section fb_built=&#8221;1&#8243; _builder_version=&#8221;4.9.2&#8243; _module_preset=&#8221;default&#8221; background_color=&#8221;#848484&#8243; use_background_color_gradient=&#8221;on&#8221; background_color_gradient_start=&#8221;rgba(0,0,0,0.51)&#8221; background_color_gradient_end=&#8221;rgba(0,0,0,0.83)&#8221; custom_padding=&#8221;||0px|||&#8221; locked=&#8221;off&#8221; global_colors_info=&#8221;{}&#8221;][et_pb_row column_structure=&#8221;3_4,1_4&#8243; _builder_version=&#8221;4.9.2&#8243; _module_preset=&#8221;default&#8221; custom_padding=&#8221;6px||0px|||&#8221; animation_style=&#8221;fade&#8221; animation_duration=&#8221;600ms&#8221; locked=&#8221;off&#8221; global_colors_info=&#8221;{}&#8221;][et_pb_column type=&#8221;3_4&#8243; _builder_version=&#8221;4.9.2&#8243; _module_preset=&#8221;default&#8221; global_colors_info=&#8221;{}&#8221;][et_pb_image src=&#8221;https:\/\/probm2.cti.ugal.ro\/site1\/wp-content\/uploads\/2021\/03\/erasmus.png&#8221; _builder_version=&#8221;4.9.2&#8243; _module_preset=&#8221;default&#8221; max_width=&#8221;20em&#8221; global_colors_info=&#8221;{}&#8221;][\/et_pb_image][et_pb_text _builder_version=&#8221;4.9.2&#8243; _module_preset=&#8221;default&#8221; text_font=&#8221;Montserrat||||||||&#8221; text_text_color=&#8221;#e09900&#8243; text_font_size=&#8221;1.2em&#8221; text_line_height=&#8221;1.6em&#8221; custom_margin=&#8221;-15px|||||&#8221; global_colors_info=&#8221;{}&#8221;]<\/p>\n<p style=\"text-align: justify;\"><strong>ERASMUS+ KA2 Strategic Partnerships for adult education Poland<\/strong><br \/><span style=\"font-size: 0.85em;\">This project has received funding from the European Commission within Erasmus+ programme \u201cUnderstanding and Developing Business Models in the Globalisation Era\u201d (No.2019-1-PL01-KA204-064951)<br \/>The European Commission does not constitute an endorsement of the contents which reflects the views only of the authors, and the Commission cannot be held responsible for any use which may be made of the information contained therein.<\/span><\/p>\n<p>[\/et_pb_text][\/et_pb_column][et_pb_column type=&#8221;1_4&#8243; _builder_version=&#8221;4.9.2&#8243; _module_preset=&#8221;default&#8221; global_colors_info=&#8221;{}&#8221;][et_pb_text _builder_version=&#8221;4.14.7&#8243; _module_preset=&#8221;default&#8221; text_font=&#8221;Montserrat|600|||||||&#8221; text_text_color=&#8221;#E09900&#8243; text_font_size=&#8221;1.1em&#8221; min_height=&#8221;7px&#8221; custom_padding=&#8221;1em||0px|1px|false|false&#8221; hover_enabled=&#8221;0&#8243; global_colors_info=&#8221;{}&#8221; sticky_enabled=&#8221;0&#8243;]<\/p>\n<p style=\"text-align: left;\">PROIECT \/ INFORMA\u021aII<\/p>\n<p>[\/et_pb_text][et_pb_menu menu_id=&#8221;28&#8243; submenu_direction=&#8221;upwards&#8221; active_link_color=&#8221;#e0b047&#8243; admin_label=&#8221;ABOUT&#8221; _builder_version=&#8221;4.9.2&#8243; _module_preset=&#8221;default&#8221; menu_font=&#8221;Montserrat|600|||||||&#8221; menu_text_color=&#8221;#E09900&#8243; background_color=&#8221;RGBA(0,0,0,0)&#8221; text_orientation=&#8221;right&#8221; module_alignment=&#8221;left&#8221; custom_margin=&#8221;-0.5em||||false|false&#8221; global_colors_info=&#8221;{}&#8221;][\/et_pb_menu][\/et_pb_column][\/et_pb_row][et_pb_row _builder_version=&#8221;4.9.2&#8243; _module_preset=&#8221;default&#8221; global_colors_info=&#8221;{}&#8221;][et_pb_column type=&#8221;4_4&#8243; _builder_version=&#8221;4.9.2&#8243; _module_preset=&#8221;default&#8221; global_colors_info=&#8221;{}&#8221;][et_pb_text _builder_version=&#8221;4.9.2&#8243; _module_preset=&#8221;default&#8221; text_font=&#8221;Montserrat||||||||&#8221; text_text_color=&#8221;#E09900&#8243; text_font_size=&#8221;1.02em&#8221; global_colors_info=&#8221;{}&#8221;]<\/p>\n<p style=\"text-align: center;\">Copyright @2021 &#8211; <a href=\"http:\/\/businessmodels.eu\" target=\"_blank\" rel=\"noopener\" title=\"businessmodels.eu\">businessmodels.eu<\/a><\/p>\n<p>[\/et_pb_text][\/et_pb_column][\/et_pb_row][\/et_pb_section]<\/p>\n","protected":false},"excerpt":{"rendered":"<p>CALCULATOR FINANCIARCalculator financiar &nbsp;Instruc\u021biuni pentru utilizarea calculatorului financiar Calculatorul financiar ofer\u0103 o modalitate rapid\u0103 de calculare a valorii actuale nete (englez\u0103, NPV &#8211; Net Present Value), a ratei interne de rentabilitate (IRR) \u0219i a perioadei de rambursare pentru o afacere. Valorile sunt calculate automat odat\u0103 ce c\u00e2mpurile obligatorii sunt completate. La introducerea datelor \u00eentr-un c\u00e2mp, [&hellip;]<\/p>\n","protected":false},"author":1,"featured_media":0,"parent":0,"menu_order":0,"comment_status":"closed","ping_status":"closed","template":"","meta":{"_et_pb_use_builder":"on","_et_pb_old_content":"","_et_gb_content_width":""},"folder":[126],"_links":{"self":[{"href":"https:\/\/probm2.cti.ugal.ro\/site\/wp-json\/wp\/v2\/pages\/9259"}],"collection":[{"href":"https:\/\/probm2.cti.ugal.ro\/site\/wp-json\/wp\/v2\/pages"}],"about":[{"href":"https:\/\/probm2.cti.ugal.ro\/site\/wp-json\/wp\/v2\/types\/page"}],"author":[{"embeddable":true,"href":"https:\/\/probm2.cti.ugal.ro\/site\/wp-json\/wp\/v2\/users\/1"}],"replies":[{"embeddable":true,"href":"https:\/\/probm2.cti.ugal.ro\/site\/wp-json\/wp\/v2\/comments?post=9259"}],"version-history":[{"count":18,"href":"https:\/\/probm2.cti.ugal.ro\/site\/wp-json\/wp\/v2\/pages\/9259\/revisions"}],"predecessor-version":[{"id":16534,"href":"https:\/\/probm2.cti.ugal.ro\/site\/wp-json\/wp\/v2\/pages\/9259\/revisions\/16534"}],"wp:attachment":[{"href":"https:\/\/probm2.cti.ugal.ro\/site\/wp-json\/wp\/v2\/media?parent=9259"}],"wp:term":[{"taxonomy":"folder","embeddable":true,"href":"https:\/\/probm2.cti.ugal.ro\/site\/wp-json\/wp\/v2\/folder?post=9259"}],"curies":[{"name":"wp","href":"https:\/\/api.w.org\/{rel}","templated":true}]}}